s 50 a factor of 1330?
False
Does 70 divide 7910?
True
Does 3 divide 588?
True
Is 217 a multiple of 31?
True
Is 24240 a multiple of 16?
True
Is 10181 a multiple of 85?
False
Does 32 divide 8736?
True
Is 1483 a multiple of 43?
False
Is 30 a factor of 1841?
False
Does 22 divide 28996?
True
Does 17 divide 573?
False
Is 116 a factor of 6256?
False
Does 67 divide 3819?
True
Is 1270 a multiple of 55?
False
Is 25767 a multiple of 182?
False
Is 16 a factor of 30656?
True
Does 2 divide 86?
True
Does 18 divide 900?
True
Is 14 a factor of 6329?
False
Is 17682 a multiple of 14?
True
Does 71 divide 15226?
False
Is 1563 a multiple of 3?
True
Is 22184 a multiple of 47?
True
Is 10 a factor of 27782?
False
Is 79909 a multiple of 215?
False
Is 37 a factor of 684?
False
Is 2346 a multiple of 102?
True
Is 37951 a multiple of 25?
False
Is 3730 a multiple of 5?
True
Is 24 a factor of 467?
False
Does 20 divide 52?
False
Is 13 a factor of 1471?
False
Is 576 a multiple of 5?
False
Does 40 divide 433?
False
Is 16 a factor of 1124?
False
Is 13 a factor of 204?
False
Is 9440 a multiple of 6?
False
Is 1364 a multiple of 4?
True
Is 20 a factor of 33696?
False
Does 48 divide 11509?
False
Is 54 a factor of 5670?
True
Is 28413 a multiple of 63?
True
Does 36 divide 1829?
False
Is 118053 a multiple of 9?
True
Is 5954 a multiple of 13?
True
Is 32 a factor of 416?
True
Does 8 divide 174?
False
Does 5 divide 13016?
False
Is 1716 a multiple of 33?
True
Is 4230 a multiple of 63?
False
Is 24592 a multiple of 16?
True
Is 25 a factor of 2690?
False
Is 4480 a multiple of 2?
True
Does 142 divide 24335?
False
Is 4320 a multiple of 45?
True
Does 18 divide 2545?
False
Is 76480 a multiple of 80?
True
Is 16 a factor of 1006?
False
Is 24068 a multiple of 11?
True
Is 17829 a multiple of 19?
False
Is 31776 a multiple of 96?
True
Does 12 divide 135768?
True
Is 6 a factor of 157?
False
Is 1638 a multiple of 24?
False
Is 44 a factor of 20416?
True
Does 22 divide 5896?
True
Is 2378 a multiple of 49?
False
Is 2 a factor of 5947?
False
Is 136 a factor of 759?
False
Does 13 divide 1872?
True
Is 5 a factor of 165?
True
Does 13 divide 975?
True
Does 4 divide 441?
False
Does 16 divide 13376?
True
Is 675 a multiple of 24?
False
Is 26 a factor of 626?
False
Is 4 a factor of 1152?
True
Is 20 a factor of 3580?
True
Is 87 a factor of 33550?
False
Does 5 divide 4472?
False
Is 26894 a multiple of 226?
True
Does 17 divide 578?
True
Is 194256 a multiple of 72?
True
Does 26 divide 5972?
False
Is 8314 a multiple of 12?
False
Is 1396 a multiple of 27?
False
Is 4 a factor of 56?
True
Is 106 a factor of 553?
False
Is 30800 a multiple of 80?
True
Is 9 a factor of 172?
False
Is 8 a factor of 693?
False
Is 80 a factor of 9840?
True
Is 92 even?
True
Does 91 divide 3051?
False
Does 16 divide 5344?
True
Does 46 divide 6532?
True
Does 5 divide 235?
True
Does 12 divide 930?
False
Is 98560 a multiple of 323?
False
Does 78 divide 31824?
True
Is 3795 a multiple of 55?
True
Is 29 a factor of 754?
True
Is 65 a factor of 1235?
True
Does 114 divide 27702?
True
Does 14 divide 1124?
False
Is 2 a factor of 163?
False
Does 6 divide 5007?
False
Does 8 divide 62?
False
Is 122 a factor of 4904?
False
Is 19 a factor of 4651?
False
Does 14 divide 36027?
False
Is 7 a factor of 6629?
True
Is 89 a factor of 5244?
False
Is 1074 a multiple of 8?
False
Is 2583 a multiple of 41?
True
Is 31 a factor of 22902?
False
Does 21 divide 57275?
False
Does 12 divide 624?
True
Is 33 even?
False
Is 6 a factor of 130?
False
Is 16 a factor of 877?
False
Is 7618 a multiple of 26?
True
Is 640 a multiple of 16?
True
Does 16 divide 5375?
False
Does 5 divide 1399?
False
Does 12 divide 88680?
True
Is 147 a factor of 735?
True
Is 29 a factor of 1578?
False
Is 60 a factor of 4980?
True
Does 56 divide 13120?
False
Is 137 a factor of 26933?
False
Is 17172 a multiple of 16?
False
Is 4 a factor of 1444?
True
Does 88 divide 4084?
False
Is 18 a factor of 31698?
True
Does 4 divide 3004?
True
Is 12 a factor of 1563?
False
Does 98 divide 96530?
True
Does 36 divide 20759?
False
Does 25 divide 400?
True
Does 220 divide 14834?
False
Is 905 a multiple of 56?
False
Is 20 a factor of 12320?
True
Does 21 divide 10563?
True
Is 4 a factor of 639?
False
Is 110 a factor of 12210?
True
Is 30 a factor of 13830?
True
Is 71 a factor of 25082?
False
Does 40 divide 9309?
False
Is 28 a factor of 32261?
False
Does 6 divide 263?
False
Is 5235 a multiple of 26?
False
Is 2362 a multiple of 14?
False
Is 2338 a multiple of 35?
False
Is 24 a factor of 888?
True
Does 158 divide 9006?
True
Is 13 a factor of 3185?
True
Does 47 divide 3614?
False
Does 11 divide 142?
False
Is 17 a factor of 323?
True
Is 15381 a multiple of 11?
False
Does 9 divide 1974?
False
Is 490 a multiple of 3?
False
Is 1295 a multiple of 35?
True
Does 42 divide 96427?
False
Is 42 a factor of 1176?
True
Does 45 divide 903?
False
Is 8 a factor of 16235?
False
Is 750 a multiple of 10?
True
Does 17 divide 2176?
True
Is 5303 a multiple of 84?
False
Does 4 divide 119?
False
Is 352 a multiple of 20?
False
Is 4 a factor of 56?
True
Does 86 divide 1167?
False
Does 18 divide 5472?
True
Is 151 a multiple of 9?
False
Does 20 divide 2061?
False
Is 12668 a multiple of 5?
False
Is 422 a multiple of 32?
False
Is 9272 a multiple of 38?
True
Is 1759 a multiple of 22?
False
Is 56 a factor of 18144?
True
Does 154 divide 53549?
False
Does 97 divide 56939?
True
Is 14 a factor of 56812?
True
Does 26 divide 288?
False
Is 13846 a multiple of 7?
True
Does 20 divide 9980?
True
Is 917 a multiple of 33?
False
Does 19 divide 5624?
True
Is 15 a factor of 290?
False
Does 15 divide 476?
False
Does 24 divide 1470?
False
Is 89610 a multiple of 309?
True
Is 32 a factor of 283?
False
Is 25 a factor of 1225?
True
Is 28987 a multiple of 5?
False
Is 4 a factor of 60?
True
Is 22 a factor of 12540?
True
Is 8149 a multiple of 89?
False
Does 41 divide 820?
True
Is 45 a factor of 495?
True
Does 32 divide 512?
True
Does 92 divide 11437?
False
Does 16 divide 464?
True
Is 12088 a multiple of 81?
False
Does 11 divide 1186?
False
Does 15 divide 120?
True
Does 18 divide 8594?
False
Does 6 divide 1201?
False
Does 11 divide 5423?
True
Is 84 a factor of 7654?
False
Is 13 a factor of 1811?
False
Is 390 a multiple of 9?
False
Does 56 divide 23704?
False
Is 15 a factor of 2973?
False
Is 10 a factor of 1450?
True
Is 19822 a multiple of 11?
True
Is 22 a factor of 5025?
False
Is 35 a factor of 6919?
False
Is 810 a multiple of 3?
True
Is 8649 a multiple of 93?
True
Does 23 divide 391?
True
Does 43 divide 487?
False
Does 51 divide 2805?
True
Is 53 a factor of 1309?
False
Is 90 a factor of 7175?
False
Is 65070 a multiple of 241?
True
Does 7 divide 19425?
True
Is 4290 a multiple of 15?
True
Is 58 a factor of 19488?
True
Is 10 a factor of 566?
False
Does 19 divide 6669?
True
Is 21984 a multiple of 12?
True
Is 1344 a multiple of 14?
True
Is 7 a factor of 606?
False
Does 4 divide 48?
True
Is 5 a factor of 3030?
True
Is 632 a multiple of 18?
False
Does 34 divide 7514?
True
Is 4 a factor of 32?
True
Is 449 a multiple of 7?
False
Does 83 divide 10905?
False
Is 17786 a multiple of 13?
False
Is 15105 a multiple of 9?
False
Is 12 a factor of 3636?
True
Is 325 a multiple of 8?
False
Is 36 a factor of 637?
False
Is 8 a factor of 440?
True
Is 22 a factor of 154?
True
Is 12 a factor of 9264?
True
Is 13 a factor of 5421?
True
Is 136 a factor of 4624?
True
Does 12 divide 1032?
True
Is 5516 a multiple of 44?
False
Is 12 a factor of 55153?
False
Is 13846 a multiple of 21?
False
Is 30652 a multiple of 316?
True
Does 27 divide 1222?
False
Is 1800 a multiple of 72?
True
Is 24 a factor of 26472?
True
Does 6 divide 460?
False
Does 19 divide 455?
False
Does 53 divide 17543?
True
Does 10 divide 6503?
False
Is 58 a factor of 28478?
True
Is 110 a factor of 1932?
False
Is 16 a multiple of 8?
True
Does 43 divide 18138?
False
Is 41 a factor of 4051?
False
Is 2 a factor of 89?
False
Does 8 divide 70376?
True
Does 71 divide 18602?
True
Is 88 a factor of 13394?
False
Does 11 divide 9444?
False
Does 35 divide 24430?
True
Does 55 divide 70455?
True
Does 30 divide 18633?
False
Is 1452 a multiple of 44?
True
Is 198 a multiple of 9?
True
Is 328 a multiple of 8?
True
Is 55 a factor of 3810?
False
Is 312 a multiple of 9?
False
Is 107